{"id":335,"date":"2026-02-12T20:40:00","date_gmt":"2026-02-12T19:40:00","guid":{"rendered":"http:\/\/161.53.207.205\/lingua\/?page_id=335"},"modified":"2026-02-15T12:44:50","modified_gmt":"2026-02-15T11:44:50","slug":"eu","status":"publish","type":"page","link":"http:\/\/161.53.207.205\/lingua\/eu\/","title":{"rendered":"EU"},"content":{"rendered":"<div id=\"tecajevi\" class=\"fusion-container-anchor\"><div class=\"fusion-fullwidth fullwidth-box fusion-builder-row-1 fusion-flex-container has-pattern-background has-mask-background nonhundred-percent-fullwidth non-hundred-percent-height-scrolling\" style=\"--awb-border-radius-top-left:0px;--awb-border-radius-top-right:0px;--awb-border-radius-bottom-right:0px;--awb-border-radius-bottom-left:0px;--awb-padding-top:40px;--awb-padding-bottom:40px;--awb-background-color:var(--awb-color1);--awb-background-size:cover;--awb-flex-wrap:wrap;\" ><div class=\"fusion-builder-row fusion-row fusion-flex-align-items-flex-start fusion-flex-content-wrap\" style=\"max-width:1185.6px;margin-left: calc(-4% \/ 2 );margin-right: calc(-4% \/ 2 );\"><div class=\"fusion-layout-column fusion_builder_column fusion-builder-column-0 fusion_builder_column_1_1 1_1 fusion-flex-column fusion-flex-align-self-flex-start\" style=\"--awb-bg-size:cover;--awb-width-large:100%;--awb-margin-top-large:0px;--awb-spacing-right-large:1.92%;--awb-margin-bottom-large:0px;--awb-spacing-left-large:1.92%;--awb-width-medium:100%;--awb-order-medium:0;--awb-spacing-right-medium:1.92%;--awb-spacing-left-medium:1.92%;--awb-width-small:100%;--awb-order-small:0;--awb-spacing-right-small:1.92%;--awb-spacing-left-small:1.92%;\" data-scroll-devices=\"small-visibility,medium-visibility,large-visibility\"><div class=\"fusion-column-wrapper fusion-column-has-shadow fusion-flex-justify-content-space-evenly fusion-content-layout-column\"><div class=\"fusion-title title fusion-title-1 fusion-sep-none fusion-title-center fusion-title-text fusion-title-size-one\" style=\"--awb-text-color:var(--awb-custom_color_2);--awb-margin-bottom:10px;\"><h1 class=\"fusion-title-heading title-heading-center fusion-responsive-typography-calculated\" style=\"margin:0;--fontSize:80;line-height:var(--awb-typography1-line-height);\">Europska unija &#8211; Zajedno do fondova EU<\/h1><\/div><div class=\"fusion-text fusion-text-1 fusion-text-no-margin\" style=\"--awb-content-alignment:left;--awb-font-size:var(--awb-typography4-font-size);--awb-line-height:var(--awb-typography4-line-height);--awb-letter-spacing:var(--awb-typography4-letter-spacing);--awb-text-transform:var(--awb-typography4-text-transform);--awb-text-color:var(--awb-custom_color_2);--awb-margin-bottom:40px;--awb-text-font-family:var(--awb-typography4-font-family);--awb-text-font-weight:var(--awb-typography4-font-weight);--awb-text-font-style:var(--awb-typography4-font-style);\"><h2>Naziv projekta: Uvo\u0111enje IKT sustava za optimizaciju poslovnih procesa u tvrtki Lingua d.o.o.<\/h2>\n<p><strong>Kratak opis projekta:<\/strong><\/p>\n<p>Problem dinami\u010dnog okru\u017eenja u kojem se danas posluje, diktira kontinuirano inoviranje i primjenu novih ra\u010dunalnih tehnologija u pru\u017eanju svojih usluga, kako bi poduzetnici osigurali kompetitivne kriterije i konkurentsku prednost u poslovanju. Projekt Uvo\u0111enja naprednih IKT poslovnih rje\u0161enja i potrebne hardverske opreme omogu\u0107it \u0107e tvrtki Lingua d.o.o. optimizaciju i integraciju 7 poslovnih procesa te prelazak s me\u0111usobno nepovezanih rje\u0161enja na integrirano rje\u0161enje i najbolje svjetske prakse. Sve navedeno pridonijet \u0107e pove\u0107anju konkurentnosti Prijavitelja i ja\u010danju tr\u017ei\u0161ne pozicije na doma\u0107em tr\u017ei\u0161tu.<\/p>\n<p><strong>Ciljevi i o\u010dekivani rezultati projekta:<\/strong><\/p>\n<p>Cilj je unaprijediti sedam poslovnih procesa; upravljanje ljudskim potencijalima, upravljanje imovinom, logistika, marketing, prodaja, strate\u0161ko planiranje i upravljanje rizikom kroz razvoj i implementaciju prilago\u0111enog IKT sustava za optimalno upravljanje. Tvrtka \u0107e uvo\u0111enjem ovih sustava u potpunosti povezati mapirane procese, smanjiti broj reklamacija i dorada, omogu\u0107iti adekvatno upravljanje ljudskim resursima, pra\u0107enje produktivnosti te omogu\u0107iti provedbu adekvatne analitike te politike dobrog upravljanja, nu\u017enih za optimalno upravljanje tvrtkom.<\/p>\n<p>Rezultat projekta je strukturirana informacijsko komunikacijska podr\u0161ka u poslovanju koja omogu\u0107ava naprednu analitiku u slu\u017ebi vo\u0111enja poslovanja i dono\u0161enja optimalnih odluka u realnom vremenu.<\/p>\n<p><strong>Ukupna vrijednost projekta: 296.000,00 HRK<\/strong><\/p>\n<p><strong>Iznos koji sufinancira EU: 151.552,00 HRK<\/strong><\/p>\n<p><strong>Razdoblje provedbe projekta: 01.03.2020. \u2013 01.07.2022.<\/strong><\/p>\n<p><strong>Kontakt osoba za vi\u0161e informacija: Antonija \u0160ari\u0107, lingua.osijek@gmail.hr<\/strong><\/p>\n<\/div><div class=\"fusion-separator fusion-full-width-sep\" style=\"align-self: center;margin-left: auto;margin-right: auto;flex-grow:1;margin-bottom:20px;width:100%;\"><div class=\"fusion-separator-border sep-shadow\" style=\"--awb-height:20px;--awb-amount:20px;--awb-sep-color:var(--awb-custom_color_2);background:radial-gradient(ellipse at 50% -50% , var(--awb-custom_color_2) 0px, rgba(255, 255, 255, 0) 80%) repeat scroll 0 0 rgba(0, 0, 0, 0);background:-webkit-radial-gradient(ellipse at 50% -50% , var(--awb-custom_color_2) 0px, rgba(255, 255, 255, 0) 80%) repeat scroll 0 0 rgba(0, 0, 0, 0);background:-moz-radial-gradient(ellipse at 50% -50% , var(--awb-custom_color_2) 0px, rgba(255, 255, 255, 0) 80%) repeat scroll 0 0 rgba(0, 0, 0, 0);background:-o-radial-gradient(ellipse at 50% -50% , var(--awb-custom_color_2) 0px, rgba(255, 255, 255, 0) 80%) repeat scroll 0 0 rgba(0, 0, 0, 0);\"><\/div><\/div><div class=\"fusion-text fusion-text-2 fusion-text-no-margin\" style=\"--awb-content-alignment:left;--awb-font-size:var(--awb-typography4-font-size);--awb-line-height:var(--awb-typography4-line-height);--awb-letter-spacing:var(--awb-typography4-letter-spacing);--awb-text-transform:var(--awb-typography4-text-transform);--awb-text-color:var(--awb-custom_color_2);--awb-margin-bottom:40px;--awb-text-font-family:var(--awb-typography4-font-family);--awb-text-font-weight:var(--awb-typography4-font-weight);--awb-text-font-style:var(--awb-typography4-font-style);\"><h2>Naziv projekta: Ja\u010danje tr\u017ei\u0161ne pozicije i konkurentnosti tvrtke Lingua d.o.o. kroz novo web rje\u0161enje<\/h2>\n<p><strong>Kratak opis projekta:<\/strong><\/p>\n<p>Nova web stranica tvrtke Lingua prvi je korak u digitalizaciji poslovanja te kori\u0161tenju aktualnih tehnolo\u0161kih rje\u0161enja za pobolj\u0161anja i optimizaciju \u0161to \u0107e dovesti do ja\u010danja tr\u017ei\u0161ne pozicije i pove\u0107anja konkurentske prednosti. Nova web stranica kvalitetnije prezentira ponudu tvrtke, pru\u017ea relevantne informacije potrebne pri informiranju potencijalnih korisnika za upise, prikaz lokacije ureda i brojne druge mogu\u0107nosti koje prethodna stranica nije prikazivala na adekvatan na\u010din.<\/p>\n<p><strong>Cilj projekta:<\/strong><\/p>\n<p>Op\u0107i cilj projekta je pove\u0107anje konkurentnosti tvrtke Lingua na doma\u0107em i stranim tr\u017ei\u0161tima. Specifi\u010dni cilj projekta je ja\u010danje kapaciteta tvrtke, u\u010dinkovitije upravljanje komunikacijskim procesima te ostvarenje boljih poslovnih rezultata tvrtke. Rezultat projekta je pove\u0107anje konkurentnosti i vidljivosti tvrtke Lingua d.o.o.<\/p>\n<p><strong>Ukupna vrijednost projekta: 50.500,00 kuna<\/strong><\/p>\n<p><strong>EU bespovratna sredstva: 32.320,00 kuna<\/strong><\/p>\n<p><strong>Razdoblje provedbe projekta: 25.02.2018. \u2013 25.09.2019.<\/strong><\/p>\n<p><strong>Kontakt osoba za vi\u0161e informacija: Antonija \u0160ari\u0107, lingua.osijek@gmail.hr<\/strong><\/p>\n<p>Isklju\u010denje odgovornosti: Sadr\u017eaj publikacije materijala isklju\u010diva je odgovornost tvrtka Lingua d.o.o.<\/p>\n<p>Vi\u0161e informacija na: www.strukturnifondovi.hr<\/p>\n<\/div><\/div><\/div><div class=\"fusion-layout-column fusion_builder_column fusion-builder-column-1 fusion_builder_column_1_3 1_3 fusion-flex-column\" style=\"--awb-bg-size:cover;--awb-width-large:33.333333333333%;--awb-margin-top-large:0px;--awb-spacing-right-large:5.76%;--awb-margin-bottom-large:0px;--awb-spacing-left-large:5.76%;--awb-width-medium:100%;--awb-order-medium:0;--awb-spacing-right-medium:1.92%;--awb-spacing-left-medium:1.92%;--awb-width-small:100%;--awb-order-small:0;--awb-spacing-right-small:1.92%;--awb-spacing-left-small:1.92%;\"><div class=\"fusion-column-wrapper fusion-column-has-shadow fusion-flex-justify-content-flex-start fusion-content-layout-column\"><div class=\"fusion-text fusion-text-3\"><p style=\"text-align: center;\" data-v-c34cee92=\"\"><strong>Europska unija<\/strong><\/p>\n<p style=\"text-align: center;\" data-v-c34cee92=\"\"><strong>Zajedno do fondova EU<\/strong><\/p>\n<\/div><\/div><\/div><div class=\"fusion-layout-column fusion_builder_column fusion-builder-column-2 fusion_builder_column_1_3 1_3 fusion-flex-column\" style=\"--awb-bg-size:cover;--awb-width-large:33.333333333333%;--awb-margin-top-large:0px;--awb-spacing-right-large:5.76%;--awb-margin-bottom-large:0px;--awb-spacing-left-large:5.76%;--awb-width-medium:100%;--awb-order-medium:0;--awb-spacing-right-medium:1.92%;--awb-spacing-left-medium:1.92%;--awb-width-small:100%;--awb-order-small:0;--awb-spacing-right-small:1.92%;--awb-spacing-left-small:1.92%;\"><div class=\"fusion-column-wrapper fusion-column-has-shadow fusion-flex-justify-content-flex-start fusion-content-layout-column\"><div class=\"fusion-image-element \" style=\"--awb-caption-title-font-family:var(--h2_typography-font-family);--awb-caption-title-font-weight:var(--h2_typography-font-weight);--awb-caption-title-font-style:var(--h2_typography-font-style);--awb-caption-title-size:var(--h2_typography-font-size);--awb-caption-title-transform:var(--h2_typography-text-transform);--awb-caption-title-line-height:var(--h2_typography-line-height);--awb-caption-title-letter-spacing:var(--h2_typography-letter-spacing);\"><span class=\" fusion-imageframe imageframe-none imageframe-1 hover-type-none\"><img decoding=\"async\" width=\"270\" height=\"72\" title=\"operativni-programi-konkurentnost-i-kohezija\" src=\"http:\/\/161.53.207.205\/lingua\/wp-content\/uploads\/2026\/02\/operativni-programi-konkurentnost-i-kohezija.png\" data-orig-src=\"http:\/\/161.53.207.205\/lingua\/wp-content\/uploads\/2026\/02\/operativni-programi-konkurentnost-i-kohezija.png\" alt class=\"lazyload img-responsive wp-image-412\" srcset=\"data:image\/svg+xml,%3Csvg%20xmlns%3D%27http%3A%2F%2Fwww.w3.org%2F2000%2Fsvg%27%20width%3D%27270%27%20height%3D%2772%27%20viewBox%3D%270%200%20270%2072%27%3E%3Crect%20width%3D%27270%27%20height%3D%2772%27%20fill-opacity%3D%220%22%2F%3E%3C%2Fsvg%3E\" data-srcset=\"http:\/\/161.53.207.205\/lingua\/wp-content\/uploads\/2026\/02\/operativni-programi-konkurentnost-i-kohezija-200x53.png 200w, http:\/\/161.53.207.205\/lingua\/wp-content\/uploads\/2026\/02\/operativni-programi-konkurentnost-i-kohezija.png 270w\" data-sizes=\"auto\" data-orig-sizes=\"(max-width: 1024px) 100vw, (max-width: 640px) 100vw, 270px\" \/><\/span><\/div><\/div><\/div><div class=\"fusion-layout-column fusion_builder_column fusion-builder-column-3 fusion_builder_column_1_3 1_3 fusion-flex-column\" style=\"--awb-bg-size:cover;--awb-width-large:33.333333333333%;--awb-margin-top-large:0px;--awb-spacing-right-large:5.76%;--awb-margin-bottom-large:0px;--awb-spacing-left-large:5.76%;--awb-width-medium:100%;--awb-order-medium:0;--awb-spacing-right-medium:1.92%;--awb-spacing-left-medium:1.92%;--awb-width-small:100%;--awb-order-small:0;--awb-spacing-right-small:1.92%;--awb-spacing-left-small:1.92%;\"><div class=\"fusion-column-wrapper fusion-column-has-shadow fusion-flex-justify-content-flex-start fusion-content-layout-column\"><div class=\"fusion-image-element \" style=\"--awb-caption-title-font-family:var(--h2_typography-font-family);--awb-caption-title-font-weight:var(--h2_typography-font-weight);--awb-caption-title-font-style:var(--h2_typography-font-style);--awb-caption-title-size:var(--h2_typography-font-size);--awb-caption-title-transform:var(--h2_typography-text-transform);--awb-caption-title-line-height:var(--h2_typography-line-height);--awb-caption-title-letter-spacing:var(--h2_typography-letter-spacing);\"><span class=\" fusion-imageframe imageframe-none imageframe-2 hover-type-none\"><img decoding=\"async\" width=\"750\" height=\"195\" title=\"europski-strukturni-i-investicijski-fondovi\" src=\"http:\/\/161.53.207.205\/lingua\/wp-content\/uploads\/2026\/02\/europski-strukturni-i-investicijski-fondovi.png\" data-orig-src=\"http:\/\/161.53.207.205\/lingua\/wp-content\/uploads\/2026\/02\/europski-strukturni-i-investicijski-fondovi.png\" alt class=\"lazyload img-responsive wp-image-413\" srcset=\"data:image\/svg+xml,%3Csvg%20xmlns%3D%27http%3A%2F%2Fwww.w3.org%2F2000%2Fsvg%27%20width%3D%27750%27%20height%3D%27195%27%20viewBox%3D%270%200%20750%20195%27%3E%3Crect%20width%3D%27750%27%20height%3D%27195%27%20fill-opacity%3D%220%22%2F%3E%3C%2Fsvg%3E\" data-srcset=\"http:\/\/161.53.207.205\/lingua\/wp-content\/uploads\/2026\/02\/europski-strukturni-i-investicijski-fondovi-200x52.png 200w, http:\/\/161.53.207.205\/lingua\/wp-content\/uploads\/2026\/02\/europski-strukturni-i-investicijski-fondovi-400x104.png 400w, http:\/\/161.53.207.205\/lingua\/wp-content\/uploads\/2026\/02\/europski-strukturni-i-investicijski-fondovi-600x156.png 600w, http:\/\/161.53.207.205\/lingua\/wp-content\/uploads\/2026\/02\/europski-strukturni-i-investicijski-fondovi.png 750w\" data-sizes=\"auto\" data-orig-sizes=\"(max-width: 1024px) 100vw, (max-width: 640px) 100vw, 400px\" \/><\/span><\/div><\/div><\/div><\/div><\/div><\/div>\n","protected":false},"excerpt":{"rendered":"","protected":false},"author":1,"featured_media":0,"parent":0,"menu_order":0,"comment_status":"closed","ping_status":"closed","template":"100-width.php","meta":{"footnotes":""},"class_list":["post-335","page","type-page","status-publish","hentry"],"_links":{"self":[{"href":"http:\/\/161.53.207.205\/lingua\/wp-json\/wp\/v2\/pages\/335","targetHints":{"allow":["GET"]}}],"collection":[{"href":"http:\/\/161.53.207.205\/lingua\/wp-json\/wp\/v2\/pages"}],"about":[{"href":"http:\/\/161.53.207.205\/lingua\/wp-json\/wp\/v2\/types\/page"}],"author":[{"embeddable":true,"href":"http:\/\/161.53.207.205\/lingua\/wp-json\/wp\/v2\/users\/1"}],"replies":[{"embeddable":true,"href":"http:\/\/161.53.207.205\/lingua\/wp-json\/wp\/v2\/comments?post=335"}],"version-history":[{"count":11,"href":"http:\/\/161.53.207.205\/lingua\/wp-json\/wp\/v2\/pages\/335\/revisions"}],"predecessor-version":[{"id":417,"href":"http:\/\/161.53.207.205\/lingua\/wp-json\/wp\/v2\/pages\/335\/revisions\/417"}],"wp:attachment":[{"href":"http:\/\/161.53.207.205\/lingua\/wp-json\/wp\/v2\/media?parent=335"}],"curies":[{"name":"wp","href":"https:\/\/api.w.org\/{rel}","templated":true}]}}